. Let a be (1 - 9/4)*-64. Calculate the greatest common factor of a and z.
16
Let w = 4260 + -2456. What is the greatest common divisor of 44 and w?
44
Let s(z) = -1101*z - 14511. Let q be s(-17). What is the highest common divisor of q and 12?
6
Suppose 107*v - 258497 = 71277. Calculate the greatest common divisor of v and 414.
46
Let w(o) = -595*o**3 - 2*o**2 + 318*o + 319. Let z be w(-1). What is the greatest common factor of 814 and z?
22
Let d(n) = 111*n - 2104. Let k be d(40). Calculate the greatest common divisor of k and 128.
32
Let m = 25 + -19. Let d(y) = -2*y**2 + 1 - 11*y + y**3 - y - 2*y**2 + y. Let p be d(m). Calculate the greatest common factor of 56 and p.
7
Suppose -65502 = -2*c + 2*g, -76*g = -4*c - 77*g + 131019. What is the highest common divisor of 318 and c?
318
Let x = 106 - -1378. Calculate the greatest common factor of x and 56.
28
Let q(y) = -3*y + 36. Let m be q(0). Suppose 0 = 319*k - 338*k + 4219 - 1312. Calculate the greatest common divisor of k and m.
9
Suppose -24*w = -18*w + 12. Let m be (-1)/((-1)/w) + 2*14. Calculate the greatest common factor of m and 390.
26
Let x = 9701 + -3681. What is the highest common factor of x and 35?
35
Let v be (126/(-56))/(3/8). Let y be (v/9)/((-4)/(-3888)*-3). Calculate the greatest common divisor of y and 24.
24
Let c(m) = -6*m - 1. Let y be c(-1). Suppose -x = -v + 29, 90 = 3*v - y*x + x. Suppose -3*s = -58 - v. What is the highest common factor of s and 56?
28
Suppose a - 13 = -4*y - 5, -y - 3 = -a. Let i(u) = -u + 14. Let t be i(a). Let h be (-4)/(-3)*(-210)/(-4). Calculate the highest common factor of h and t.
10
Suppose -31*t = 30*t - 12*t - 291 - 1081. Suppose 70 = 3*h - h. Calculate the greatest common factor of h and t.
7
Let o be 51 + 2 - (-151 + 147). Calculate the highest common divisor of o and 4503.
57
Let x = -233 - -460. Suppose -184 = -229*n + x*n. What is the greatest common divisor of 23 and n?
23
Suppose 4*j - 66 - 62 = 0. Let h(a) = 52*a + 11408. Let n be h(-204). Calculate the highest common factor of n and j.
32
Let s be (-88)/(-220) - (-4)/(-10) - -112. What is the greatest common divisor of 3640 and s?
56
Suppose -605*j - 8625 = -674*j. What is the highest common divisor of 42125 and j?
125
Let a(q) = q - 2. Let b be a(5). Let l be (-3)/(-2)*(-332)/b. Let m = l - -252. What is the highest common divisor of m and 43?
43
Suppose 36 = -16*q + 381 + 135. Calculate the highest common divisor of q and 390.
30
Let a be ((-12)/(-5) + 3)/((-5)/(-475)). Suppose 0 = 18*b + b - a. Let z be 18/(40/18 + -2). What is the greatest common divisor of b and z?
27
Suppose 6*i + 45 = 2*p + 147, -5*i + 85 = -4*p. What is the highest common divisor of 3910 and i?
17
Suppose -6*t = 57*t - 3402. Suppose -10*r + t + 6 = 0. What is the greatest common divisor of r and 108?
6
Let v = -2 - -7. Suppose -i = -j + 2*i - 5, -3*i = -v*j + 23. Suppose -2*w - 8 + 9 = -w + 5*r - 13, 0 = -r. Calculate the highest common factor of j and w.
7
Suppose 58*f + 171 = 55*f. Let l = -52 - f. Let z(y) = 2*y**2 + 14*y - 5. Let u be z(-10). What is the greatest common divisor of l and u?
5
Let g = 345 - 158. Let c = -1383 - -1434. Calculate the highest common divisor of c and g.
17
Let c = -2 + 3. Let h(k) = 7*k**3. Let t be h(c). Let r = 1976 + -1962. Calculate the highest common divisor of r and t.
7
Suppose -2*s + s + 1 = 0. Suppose 7*v - 3*v + d - 34 = 0, s = v + 4*d. Suppose 0 = -3*j - 0 + 54. Calculate the highest common factor of v and j.
9
Let k be 164608/112 - 1 - 4/(-14). Calculate the greatest common factor of 26 and k.
13
Suppose 5*u = 3*t + 76, -t = u - 0*u - 12. Suppose 14*h - 2364 = -600. Calculate the greatest common factor of u and h.
14
Let f(g) = 80*g - 8162. Let p be f(131). What is the highest common factor of 171 and p?
19
Let l be -34*(-1)/2 - -279. Calculate the greatest common divisor of 7400 and l.
296
Let j = 347 - 652. Let q = j - -365. Calculate the greatest common factor of q and 30.
30
Let z be (230/20 + (0 - 9))*36/5. What is the highest common factor of z and 13023?
9
Let f be -11 + 7 + 40 - ((3 - 2) + 5). Calculate the greatest common factor of f and 90.
30
Let p = -876 - -879. What is the greatest common factor of 412 and p?
1
Suppose -3*p - 12236 = -4*o, 0*o - 5*p = o - 3036. Suppose -o + 1264 = -14*s. What is the greatest common divisor of 192 and s?
64
Let g(p) = p**2 - 6*p - 18. Suppose -5*f = -0*f + 135. Let a = 36 + f. Let h be g(a). What is the greatest common divisor of h and 9?
9
Let i = 6755 - 6719. Calculate the greatest common factor of i and 1179.
9
Let p = -6354 + 6937. Calculate the greatest common factor of p and 143.
11
Let p = -42 - -46. Suppose w - 6*w + 6 = r, -5*r + 114 = p*w. Suppose -250 + r = -16*a. Calculate the highest common factor of a and 7.
7
Let c(r) = -62*r**3 - 12*r**2 - 47*r - 5. Let b be c(-4). Calculate the highest common factor of b and 185.
37
Let k = 12 + 8. Suppose k = 25*n - 20*n. Suppose -4*v - n*m + 113 = 37, v - 17 = m. What is the highest common factor of v and 6?
6
Let m be (-4)/50 - ((-1297664)/800 + -37). Calculate the greatest common divisor of 231 and m.
21
Suppose 3*g = -3*a + 1560, -4*a + 2620 = -2*g + 582. Calculate the highest common divisor of a and 627.
57
Let d be (360/(-140))/(18/(-7560)). What is the greatest common divisor of 270 and d?
270
Let u = 452 - 445. Suppose 9*q = u + 2. Let r = 8 + 0. Calculate the greatest common divisor of q and r.
1
Suppose -8*k - 4278 = -10734. What is the highest common factor of 3 and k?
3
Let q = -197 - -1265. What is the greatest common factor of q and 12?
12
Let k be 3 - 6 - -1 - -200. Suppose -624 = 33*l - 908 - 904. Calculate the greatest common factor of l and k.
18
Let h = 6 - -41. Let d be (10/4)/((-42)/(-1428)). Let w be ((-141)/(-15))/(17/d). Calculate the greatest common factor of h and w.
47
Let m = 7084 - 5473. What is the greatest common factor of 9 and m?
9
Suppose -3 + 17 = 7*i. Suppose -i*w + 56 = 5*w. Let z be ((-30)/4)/((-3)/w). What is the greatest common divisor of z and 160?
20
Suppose -4*w - w - u = -43, -w - 4 = -4*u. Let v(s) = s**3 + 2*s**2 + 276*s + 1148. Let q be v(-4). Calculate the highest common factor of q and w.
4
Suppose -3*y + 69 = -2*l, -y + 3*y - 145 = 5*l. Let m = 9 - l. What is the highest common divisor of m and 162?
18
Let b(i) = -8*i**3 - 5*i**2 + 13*i + 45. Let h be b(-5). Let c = -851 + h. Calculate the highest common divisor of 268 and c.
4
Let k(g) = g. Let r = -63 + 67. Let t(s) = 5*s - 15. Let u(b) = r*k(b) - t(b). Let y be u(10). Calculate the highest common divisor of 25 and y.
5
Let n be (-2)/3 + (56/(-6))/(-2). Suppose l = 0, -4*j - 12*l = -9*l - n. Let f be 3 + (j + 0)*(2 - 3). Calculate the highest common factor of f and 18.
2
Let p(m) = -9*m + 20 - 18*m - 9*m + 42*m. Let d(c) = c + 1. Let r(y) = -24*d(y) + 3*p(y). Let j be r(-9). What is the greatest common divisor of 5 and j?
5
Suppose -g - l = 4*l + 14, -5*g + 4*l + 75 = 0. Suppose 0 = -3*h - g*h + 1554. What is the highest common factor of h and 3?
3
Let g be 14 + (-2)/(-2) + 0. Suppose -b = -67864*z + 67865*z - 85, 5*b + z = 345. Calculate the greatest common divisor of b and g.
5
Suppose -5*g = 28*b - 25*b - 102, -10*g - b = -184. Suppose -5*i - 700 = -5*r, -542 = r - 5*r - 5*i. What is the greatest common factor of g and r?
6
Suppose 0 = -3*d + 2*i + 27 + 69, -80 = -2*d - 4*i. Suppose 3*l - 6 = 0, -4*j + 38*l + 1158 = 39*l. Calculate the highest common divisor of d and j.
17
Let n(l) = 4*l**2 - 14*l - 8. Let d be n(-6). Let y = -2985 - -3045. Calculate the highest common factor of y and d.
20
Suppose -6*k = -125*g + 126*g + 9, -68 = -g + 5*k. Calculate the greatest common factor of g and 7601.
11
Let q = -2288 + 2432. What is the highest common factor of 816 and q?
48
Suppose 4*v = 3*v - t - 1, 0 = -3*v - t + 3. Suppose -v*f + 2*x = 2*f + 494, -3*x = f + 141. Let w = f + 258. What is the greatest common factor of w and 11?
11
Let w = 472 - 304. Suppose 33*m = 436 + 257. Calculate the greatest common divisor of w and m.
21
Suppose 55*u - 20036 - 5759 = 0. Calculate the highest common factor of 189 and u.
7
Suppose 54*m = 47*m - 56. Let k be (5 - 17/4) + (-2586)/m. What is the highest common divisor of k and 27?
27
Let s = 213758 + -213716. Let n be (28/10)/((-1)